-3)*3/(-2) + j?
5
Suppose l + 4262 = 4*q - 3884, -6117 = -3*q - 3*l. Suppose -a + q = -0*t + 5*t, 2*a + 1624 = 4*t. What is the tens digit of t?
0
Let r(o) = 44*o**2 + 53*o - 80. What is the tens digit of r(13)?
4
Let l(f) = f - 12. Let m be l(17). Suppose -m*o + y = -2*o - 12, -3*y = -3*o + 18. Suppose 5*q - 520 = -o*q. What is the units digit of q?
5
Let o = 3344 + -1573. Let j = o - 258. What is the units digit of j?
3
Let k(b) = -b**3 + 12*b**2 - 10*b - 5. Let p be k(11). Let j(m) = 11*m**2 - 5*m + 5. What is the units digit of j(p)?
1
Let z = -3711 - -16575. What is the hundreds digit of z?
8
Let x(w) = -w**3 + 11*w**2 + 16*w + 14. Let l be x(-7). Suppose 0 = -3*k - 2*g + 195 + 577, -3*k = -g - l. What is the tens digit of k?
6
Suppose -31042 = 7212*o - 7214*o. What is the units digit of o?
1
Let c(x) = -426*x - 14. Let j(f) = -2. Let k(z) = c(z) - 2*j(z). What is the units digit of k(-3)?
8
Suppose -5*f + v - 17 = -683, -2*f = 2*v - 276. Suppose -h = -3*i - f, -i = 4*h - 2*i - 481. What is the tens digit of h?
1
Let w = 36212 - 19518. What is the tens digit of w?
9
Let z = -931 + 558. Let c = z - -697. What is the units digit of c?
4
Let w be ((-54)/81)/((-1)/1506). Suppose 0 = 15*a - 12944 + w. What is the tens digit of a?
9
Suppose 5*l + s + 40 = 0, -8 = 3*s - 23. What is the tens digit of l/((-18)/76)*1?
3
Let d = 179931 - 103718. What is the thousands digit of d?
6
Let a = 11315 - -13. What is the ten thousands digit of a?
1
Suppose -3103 - 203566 - 21803 = -8*b. What is the tens digit of b?
5
Let a(x) = -252*x + 500. Let r(j) = -628*j + 1250. Let m(v) = 12*a(v) - 5*r(v). What is the thousands digit of m(14)?
1
Let m(k) = 60*k**2 + 8*k + 7. Let r(x) = -59*x**2 - 6*x - 8. Let z(v) = -4*m(v) - 5*r(v). What is the tens digit of z(3)?
0
Let m(j) = j**3 - 12*j**2 + 65*j + 124. What is the units digit of m(24)?
6
Suppose 12*d = 8*d + 8. What is the hundreds digit of -223*(d + (4 + -1 - 6))?
2
Let i(b) = 694*b - 1009. What is the hundreds digit of i(14)?
7
Let v = 34 - 37. Let b(r) = r**3 + 4*r**2 + 4*r + 2. Let l be b(v). Let n(z) = -142*z + 4. What is the tens digit of n(l)?
4
Let p(t) = 2*t + 10. Let u be p(-5). Let y(j) = j. Let q be y(u). Suppose q = 9*s - 515 - 142. What is the units digit of s?
3
Let j be 3/(-9)*(-24)/(-4). Let x be 2*1/j*-2. Suppose -x*c - 29 = -v, -v + 3*c + 75 = 2*v. What is the units digit of v?
1
Let x = 83 + -157. Suppose 2*g + 3*n = -2*n - 121, -g = 3*n + 62. Let l = g - x. What is the units digit of l?
1
Suppose 3*o = 3*m - 2*o - 6494, 2*m + 3*o = 4361. What is the tens digit of m?
7
Let x = -17 + 20. Let q = x - -6. Let f(j) = 4*j**2 - 16*j - 8. What is the units digit of f(q)?
2
Let t = -199 - 184. Let l = t - -436. What is the units digit of l?
3
Suppose -4*n - 5*s = -52, 3*n + 3*s - 28 = n. Suppose 2*i = 6, 10*w - n*w - 1593 = -3*i. What is the tens digit of w?
9
Suppose -3*c + 19 + 14 = 5*u, -5*c = u - 77. Let b = 628 - c. What is the units digit of b?
2
Let s(k) = -6*k - 4*k - 33 + 94 + 85. What is the tens digit of s(9)?
5
Suppose 15 - 45 = -6*h. Suppose 0 = -5*q + 11*m - 15*m + 1089, 0 = -3*q - h*m + 643. What is the units digit of q?
1
Let b = 89 - -21. Let d = 78 - b. Let o = d - -55. What is the units digit of o?
3
Let p(g) = -669*g**3 - 16*g**2 + 36*g - 6. What is the thousands digit of p(-4)?
2
Suppose 0 = 23*m + 130535 - 373208. What is the ten thousands digit of m?
1
Let x = 37 + -29. Let j be (-24)/x + 3 + -1 + 5. Suppose -3*h = 5*b - 228, -j = -4*h - 0. What is the tens digit of b?
4
Let l be 195/78*(-5582)/(-5). Let y = l - 1438. What is the tens digit of y?
5
Suppose 4*t + 3*x = 19331, -36*t = -37*t + 5*x + 4827. What is the hundreds digit of (t/(-80))/((-2)/30)?
9
Suppose -10*o + 1168 = -6*o. Suppose 5*z = 18 + o. Let k = 117 - z. What is the tens digit of k?
5
Let k(d) = 12*d**2 + 16*d + 55. Let l be k(-9). Suppose 0 = -7*a - l + 6406. What is the units digit of a?
9
Let w(z) = z**2 - 20*z - 95. Let k be w(30). What is the units digit of k - (30/5 - 9)?
8
What is the hundreds digit of 1/3 + 10/(180/322014)?
8
Let f = 28546 - 11755. What is the hundreds digit of f?
7
What is the ten thousands digit of 10*2389 + -11 + -10*(-12)/20?
2
Let x(n) = -2*n**2 + 9*n - 7. Let s be x(2). Suppose s*u - 492 = -3*c, 4*c - 236 - 384 = 5*u. What is the units digit of c?
0
Let o(i) = -i**3 - 21*i**2 - 38*i + 2. Let v be o(-19). Let b(a) = a + a**3 + 11 + 3*a**2 + 0*a**2 + 3*a - 6*a**v. What is the tens digit of b(6)?
4
Let y be (-3)/3 + 12/3 + -1. Suppose 5*f = -0*f + 3*k + 2523, -4*k - 1012 = -y*f. Suppose 4*d + 2*d - f = 0. What is the units digit of d?
4
Suppose 11*g - 403 = 5*d + 10*g, 5*d = 2*g - 401. Suppose -145 = m - 2*t, m + 129 = 4*t - 6*t. Let f = d - m. What is the tens digit of f?
5
Let z = 35686 - 3333. What is the ten thousands digit of z?
3
Let m = 7487 + -6707. What is the units digit of m?
0
Let c(p) = -2*p**2 + 8*p - 14. Let o be c(5). Let s(v) = v**2 + 18*v - 17. What is the hundreds digit of s(o)?
1
Let t(w) = 30*w**2 - 58*w + 1746. What is the hundreds digit of t(21)?
7
Suppose -326 - 631 = 3*f. What is the hundreds digit of (-1 + -4)/5*f?
3
Suppose -18 = 16*i - 82. Suppose 0 = -7*h + 3*h - 3*p - 2, 4*h + 2*p + i = 0. Let t(d) = -30*d**3 - 4*d - 6. What is the units digit of t(h)?
2
Let m be (-1276)/(-33) - (2 + 21/(-9)). Suppose 180 = l + 4*s, 37*l + 2*s + 410 = m*l. What is the tens digit of l?
0
Let d(c) = 0*c - 3*c - 19 - c. Suppose 109*o = -6*o - 1725. What is the tens digit of d(o)?
4
Suppose 43*i = -52*i + 56*i + 55926. What is the units digit of i?
4
Suppose 44*i + 297911 = 5*n + 43*i, -2*i = n - 59580. What is the hundreds digit of n?
5
Let b = -18 - -24. Let a be (-14)/b + (-19)/(-57). What is the units digit of (-154)/a + 0/(-21)?
7
Let s = 42136 - 20422. What is the hundreds digit of s?
7
Let b = -19634 + 40066. What is the ten thousands digit of b?
2
Let w(c) = 1088*c**2 + 31*c - 167. What is the thousands digit of w(5)?
7
Let m(y) = -18*y**2 - 11*y. Let b be m(-1). Let c be 3/(-2)*(-4)/6. What is the units digit of (c + -5)/(2/b)?
4
Suppose 0 = -5*b - 13*k + 81520, -79*k + 84*k = 5*b - 81520. What is the units digit of b?
4
Let u = -29 + 27. Let j be (-4*(-267)/(-6))/(u*1). Let b = 129 - j. What is the units digit of b?
0
Let z = -132 - -18251. What is the units digit of z?
9
What is the ten thousands digit of ((-328)/32 + 11)/(1/13468)?
1
Suppose -369241 - 337775 = -534*q. What is the thousands digit of q?
1
Let i be (9/24 - 0)/((-1)/(-8)). Suppose -f = o - 673, -i*f + o + 2256 - 225 = 0. What is the tens digit of f?
7
Let m = -16971 + 31906. What is the tens digit of m?
3
Suppose 72 = 4*c + 3*g, -5*g - 10 = -3*c + c. Let y(o) = -o + 27. Let k be y(c). What is the units digit of (108/(-14))/(k/(-112))?
2
Suppose 3*d + 4 + 31 = 5*l, 0 = -4*d - 20. Suppose 0 = l*s - c - 4 - 1, -15 = 2*s + 3*c. Suppose s = -4*y + 13*y - 828. What is the tens digit of y?
9
Let s = -35 - -197. Let g = 194 - s. What is the tens digit of g?
3
Suppose 0 = -4*q + 3*s + 164, -q + 10 = 3*s - 16. Suppose -q*z = -34*z - 1216. What is the units digit of z?
4
What is the thousands digit of 3336/9*(-6 + 528/32)?
3
Suppose 0 = 18*f - 14050 - 47276. Let u = f - 1870. What is the tens digit of u?
3
Let l = -4525 + 10459. What is the tens digit of l?
3
Let y = -90 - -92. What is the hundreds digit of 203/(-4)*(5 + -9)*y?
4
Let j = -46 + 44. Let d be (-4)/7*(-14)/(-8)*j. Suppose d*n - 4 = -2*n. What is the units digit of n?
1
Let c = 559 - 307. Suppose -c = -7*x - 0*x. Let m = x - -4. What is the units digit of m?
0
Let x(o) = 23*o - 158. Let w be x(7). Suppose 5*m - 1122 = -4*i + w*i, 0 = -4*i - 12. What is the units digit of m?
5
Let u = 80 + -165. Let i = 85 + u. Suppose -2*h + 3*h - 5 = i. What is the units digit of h?
5
Let f be (-30)/105 + (-74)/(-14). Suppose f*j + 18 = 53. Let p(o) = 2*o**2 + 2*o + 25. What is the hundreds digit of p(j)?
1
Let i = -1011 - -1011. Let u(a) = -3*a**3 - 10*a**2 - 9*a - 5. Let b be u(-6). Suppose i = 3*h + 3*f - f - 202, 3*f - b = -5*h. What is the tens digit of h?
6
Suppose 0 = 58*o - 63*o + 905. Suppose -l + o = 58. Suppose y + 5*g = -2*y + l, 4*y = 3*g + 193. What is the tens digit of y?
4
Let s(u) = -131*u - 73. What is the units digit of s(-5)?
2
Suppose -322 +